{"id":153,"date":"2024-12-10T11:13:36","date_gmt":"2024-12-10T10:13:36","guid":{"rendered":"http:\/\/www.cpasdedurbuy.be\/?page_id=153"},"modified":"2024-12-10T11:17:00","modified_gmt":"2024-12-10T10:17:00","slug":"plan-strategique-transversal-pst-2025-2030","status":"publish","type":"page","link":"http:\/\/www.cpasdedurbuy.be\/index.php\/plan-strategique-transversal-pst-2025-2030\/","title":{"rendered":"Plan Strat\u00e9gique Transversal (PST 2025 &#8211; 2030)"},"content":{"rendered":"\t\t<div data-elementor-type=\"wp-page\" data-elementor-id=\"153\" class=\"elementor elementor-153\">\n\t\t\t\t\t\t<div class=\"elementor-inner\">\n\t\t\t\t<div class=\"elementor-section-wrap\">\n\t\t\t\t\t\t\t\t\t<section class=\"elementor-section elementor-top-section elementor-element elementor-element-bf9f4c9 elementor-section-boxed elementor-section-height-default elementor-section-height-default\" data-id=\"bf9f4c9\" data-element_type=\"section\">\n\t\t\t\t\t\t<div class=\"elementor-container elementor-column-gap-default\">\n\t\t\t\t\t\t\t<div class=\"elementor-row\">\n\t\t\t\t\t<div class=\"elementor-column elementor-col-100 elementor-top-column elementor-element elementor-element-7641733\" data-id=\"7641733\" data-element_type=\"column\">\n\t\t\t<div class=\"elementor-column-wrap elementor-element-populated\">\n\t\t\t\t\t\t\t<div class=\"elementor-widget-wrap\">\n\t\t\t\t\t\t<div class=\"elementor-element elementor-element-091128a elementor-widget elementor-widget-text-editor\" data-id=\"091128a\" data-element_type=\"widget\" data-widget_type=\"text-editor.default\">\n\t\t\t\t<div class=\"elementor-widget-container\">\n\t\t\t\t\t\t\t\t<div class=\"elementor-text-editor elementor-clearfix\">\n\t\t\t\t<p>Le Conseil de l&rsquo;Action Sociale dispose de quelques mois pour r\u00e9diger le Plan Strat\u00e9gique Transversal.<\/p><p>A bient\u00f4t.<\/p>\t\t\t\t\t<\/div>\n\t\t\t\t\t\t<\/div>\n\t\t\t\t<\/div>\n\t\t\t\t\t\t<\/div>\n\t\t\t\t\t<\/div>\n\t\t<\/div>\n\t\t\t\t\t\t\t\t<\/div>\n\t\t\t\t\t<\/div>\n\t\t<\/section>\n\t\t\t\t\t\t\t\t\t<\/div>\n\t\t\t<\/div>\n\t\t\t\t\t<\/div>\n\t\t","protected":false},"excerpt":{"rendered":"<p>Le Conseil de l&rsquo;Action Sociale dispose de quelques mois pour r\u00e9diger le Plan Strat\u00e9gique Transversal. A bient\u00f4t.<\/p>\n","protected":false},"author":2,"featured_media":0,"parent":0,"menu_order":0,"comment_status":"closed","ping_status":"closed","template":"","meta":[],"_links":{"self":[{"href":"http:\/\/www.cpasdedurbuy.be\/index.php\/wp-json\/wp\/v2\/pages\/153"}],"collection":[{"href":"http:\/\/www.cpasdedurbuy.be\/index.php\/wp-json\/wp\/v2\/pages"}],"about":[{"href":"http:\/\/www.cpasdedurbuy.be\/index.php\/wp-json\/wp\/v2\/types\/page"}],"author":[{"embeddable":true,"href":"http:\/\/www.cpasdedurbuy.be\/index.php\/wp-json\/wp\/v2\/users\/2"}],"replies":[{"embeddable":true,"href":"http:\/\/www.cpasdedurbuy.be\/index.php\/wp-json\/wp\/v2\/comments?post=153"}],"version-history":[{"count":4,"href":"http:\/\/www.cpasdedurbuy.be\/index.php\/wp-json\/wp\/v2\/pages\/153\/revisions"}],"predecessor-version":[{"id":157,"href":"http:\/\/www.cpasdedurbuy.be\/index.php\/wp-json\/wp\/v2\/pages\/153\/revisions\/157"}],"wp:attachment":[{"href":"http:\/\/www.cpasdedurbuy.be\/index.php\/wp-json\/wp\/v2\/media?parent=153"}],"curies":[{"name":"wp","href":"https:\/\/api.w.org\/{rel}","templated":true}]}}

Plan Stratégique Transversal (PST 2025 &#8211; 2030)

<div data-elementor-type="wp-page" data-elementor-id="153" class="elementor elementor-153">
						<div class="elementor-inner">
				<div class="elementor-section-wrap">
									<section class="elementor-section elementor-top-section elementor-element elementor-element-bf9f4c9 elementor-section-boxed elementor-section-height-default elementor-section-height-default" data-id="bf9f4c9" data-element_type="section">
						<div class="elementor-container elementor-column-gap-default">
							<div class="elementor-row">
					<div class="elementor-column elementor-col-100 elementor-top-column elementor-element elementor-element-7641733" data-id="7641733" data-element_type="column">
			<div class="elementor-column-wrap elementor-element-populated">
							<div class="elementor-widget-wrap">
						<div class="elementor-element elementor-element-091128a elementor-widget elementor-widget-text-editor" data-id="091128a" data-element_type="widget" data-widget_type="text-editor.default">
				<div class="elementor-widget-container">
								<div class="elementor-text-editor elementor-clearfix">
				<p>Le Conseil de l&rsquo;Action Sociale dispose de quelques mois pour rédiger le Plan Stratégique Transversal.</p><p>A bientôt.</p>					</div>
						</div>
				</div>
						</div>
					</div>
		</div>
								</div>
					</div>
		</section>
									</div>
			</div>
					</div>

<p>Le Conseil de l&rsquo;Action Sociale dispose de quelques mois pour rédiger le Plan Stratégique Transversal. A bientôt.</p>
